{"id":72,"date":"2019-01-19T21:37:37","date_gmt":"2019-01-19T21:37:37","guid":{"rendered":"http:\/\/age-on-stage.de\/?page_id=72"},"modified":"2025-05-05T20:18:55","modified_gmt":"2025-05-05T20:18:55","slug":"reiner","status":"publish","type":"page","link":"http:\/\/age-on-stage.de\/?page_id=72","title":{"rendered":"Reiner"},"content":{"rendered":"\n<p>Die Gitarre des fr\u00fch verstorbenen Vaters hing heilig zu Hause an der Wand. Streng wachten die m\u00fctterlichen Argusaugen \u00fcber die Reliquie. Doch erfolglos! Magisch zog das Lustholz in unbeobachteten Momenten Reiners H\u00e4nde an. Aus den heimlichen Griffen nach der Klampfe wurden f\u00fcr ihn bald versierte Griffe, Arpeggios, Picks und Riffs auf den Saiten. <\/p>\n\n\n<div class=\"wp-block-image\">\n<figure class=\"alignleft\"><img loading=\"lazy\" decoding=\"async\" width=\"400\" height=\"433\" src=\"http:\/\/age-on-stage.de\/wp-content\/uploads\/2019\/01\/reiner1.jpg\" alt=\"Reiner\" class=\"wp-image-45\" srcset=\"http:\/\/age-on-stage.de\/wp-content\/uploads\/2019\/01\/reiner1.jpg 400w, http:\/\/age-on-stage.de\/wp-content\/uploads\/2019\/01\/reiner1-277x300.jpg 277w\" sizes=\"auto, (max-width: 400px) 100vw, 400px\" \/><\/figure>\n<\/div>\n\n\n<p>Neben den jugendbewegten Fahrtenliedern waren die damals\naufr\u00fchrenden Beatles und Stones angesagt. Ein Tonabnehmer wurde ins\nSchalloch geklemmt und so konnten die Membrane des alten\nR\u00f6hren-Radios respektive der m\u00fctterlichen Nerven bis zum Zerrei\u00dfen\nstrapaziert werden. \n<\/p>\n\n\n\n<p>Reiner lernte sein musikalisches Handwerk \u00fcber alle Genres hinweg: von Klassik \u00fcber Marschmusik, Folk- und Volks-(wohlgemerkt nicht -t\u00fcmlicher)Musik, Arbeiterliedern, Protestsongs, Blues, Dixie-Jazz &#8230; Die exzessiven Rock&amp;Blues-Projekt-Erfahrungen aus der Internats-Zeit (fr\u00fche 70er) wurden erst wieder Mitte der 80er reaktiviert, als er aus der Begleit-Combo der DGB-Songgruppe mit Aschaffenburger Musiker-Legenden (\u201eMods\u201c und \u201ePentagon\u201c) die Gruppe \u201eUnruh\u201c formierte. Daraus wiederum erwuchs Anfang der 90er \u201eAGE ON STAGE\u201c.<\/p>\n\n\n\n<p>Von da an waren neben Volker (Bass) und Uwe (Drums) auch Christel mit dabei. In drei Jahrzehnten (eben for AGEs) sind Christel und Reiners Stimmen harmonisch zusammengewachsen und die beiden zeigen immer wieder, wie Beat, Rock und Blues von <strong>A<\/strong>nimals bis <strong>Z<\/strong>appa insbesondere zweistimmig nicht nur die Extremit\u00e4ten antriggern, sondern auch unter die Haut gehen kann &#8230;<\/p>\n\n\n\n<p>Reiner ist nach wie vor auch als <a href=\"http:\/\/age-on-stage.de\/?page_id=276\">Liedermacher und -s\u00e4nger<\/a> unterwegs.<\/p>\n","protected":false},"excerpt":{"rendered":"<p>Die Gitarre des fr\u00fch verstorbenen Vaters hing heilig zu Hause an der Wand. Streng wachten die m\u00fctterlichen Argusaugen \u00fcber die Reliquie. Doch erfolglos! Magisch zog das Lustholz in unbeobachteten Momenten Reiners H\u00e4nde an. Aus den heimlichen Griffen nach der Klampfe wurden f\u00fcr ihn bald versierte Griffe, Arpeggios, Picks und Riffs auf den Saiten. Neben den &hellip; <\/p>\n<p class=\"link-more\"><a href=\"http:\/\/age-on-stage.de\/?page_id=72\" class=\"more-link\">Continue reading<span class=\"screen-reader-text\"> &#8222;Reiner&#8220;<\/span><\/a><\/p>\n","protected":false},"author":1,"featured_media":0,"parent":0,"menu_order":0,"comment_status":"closed","ping_status":"closed","template":"","meta":{"footnotes":""},"class_list":["post-72","page","type-page","status-publish","hentry"],"_links":{"self":[{"href":"http:\/\/age-on-stage.de\/index.php?rest_route=\/wp\/v2\/pages\/72","targetHints":{"allow":["GET"]}}],"collection":[{"href":"http:\/\/age-on-stage.de\/index.php?rest_route=\/wp\/v2\/pages"}],"about":[{"href":"http:\/\/age-on-stage.de\/index.php?rest_route=\/wp\/v2\/types\/page"}],"author":[{"embeddable":true,"href":"http:\/\/age-on-stage.de\/index.php?rest_route=\/wp\/v2\/users\/1"}],"replies":[{"embeddable":true,"href":"http:\/\/age-on-stage.de\/index.php?rest_route=%2Fwp%2Fv2%2Fcomments&post=72"}],"version-history":[{"count":17,"href":"http:\/\/age-on-stage.de\/index.php?rest_route=\/wp\/v2\/pages\/72\/revisions"}],"predecessor-version":[{"id":372,"href":"http:\/\/age-on-stage.de\/index.php?rest_route=\/wp\/v2\/pages\/72\/revisions\/372"}],"wp:attachment":[{"href":"http:\/\/age-on-stage.de\/index.php?rest_route=%2Fwp%2Fv2%2Fmedia&parent=72"}],"curies":[{"name":"wp","href":"https:\/\/api.w.org\/{rel}","templated":true}]}}